highest common factor of 11 and 119?
1
Calculate the highest common factor of 2 and 118.
2
What is the greatest common factor of 11685 and 38?
19
Calculate the greatest common factor of 4105 and 25.
5
Calculate the greatest common divisor of 330 and 300.
30
Calculate the highest common divisor of 70 and 1030.
10
Calculate the greatest common factor of 4741 and 11.
11
What is the highest common factor of 38 and 2?
2
Calculate the highest common divisor of 18 and 18828.
18
Calculate the greatest common divisor of 1404 and 52.
52
What is the highest common divisor of 167670 and 54?
54
What is the greatest common factor of 92 and 3818?
46
Calculate the highest common divisor of 143 and 26.
13
Calculate the highest common factor of 756 and 56.
28
What is the greatest common divisor of 530 and 3392?
106
What is the highest common factor of 72 and 18?
18
What is the highest common factor of 3914 and 76?
38
Calculate the highest common factor of 360 and 40.
40
Calculate the greatest common factor of 54 and 2187.
27
Calculate the highest common factor of 26 and 26.
26
Calculate the greatest common divisor of 40053 and 237.
237
What is the greatest common divisor of 9905 and 7?
7
What is the greatest common factor of 8386 and 70?
14
Calculate the greatest common factor of 93 and 8215.
31
Calculate the greatest common divisor of 50 and 19600.
50
Calculate the highest common divisor of 15 and 845.
5
Calculate the greatest common factor of 168 and 948.
12
Calculate the highest common factor of 42 and 154.
14
What is the greatest common factor of 462 and 264?
66
What is the highest common factor of 485 and 15?
5
Calculate the highest common divisor of 582 and 485.
97
What is the highest common divisor of 31149 and 9?
9
What is the highest common divisor of 132 and 1408?
44
Calculate the greatest common factor of 33 and 77.
11
Calculate the highest common divisor of 31 and 5549.
31
What is the greatest common factor of 430 and 20?
10
Calculate the greatest common factor of 54 and 1422.
18
Calculate the highest common factor of 222 and 12.
6
Calculate the greatest common divisor of 342 and 76.
38
Calculate the highest common divisor of 40 and 5272.
8
Calculate the highest common divisor of 104 and 16.
8
Calculate the greatest common factor of 225 and 36.
9
Calculate the greatest common divisor of 62 and 93.
31
Calculate the highest common factor of 9381 and 1113.
159
What is the highest common divisor of 112 and 119?
7
Calculate the highest common divisor of 480 and 272.
16
Calculate the greatest common factor of 18 and 558.
18
What is the highest common divisor of 2718 and 36?
18
Calculate the greatest common divisor of 150 and 500.
50
Calculate the greatest common divisor of 8 and 16.
8
What is the greatest common divisor of 130 and 325?
65
What is the greatest common factor of 976 and 32?
16
What is the highest common factor of 15 and 960?
15
What is the highest common divisor of 10 and 110?
10
Calculate the highest common factor of 1102 and 38.
38
What is the greatest common factor of 21 and 77?
7
What is the highest common divisor of 372 and 1?
1
Calculate the highest common divisor of 228 and 513.
57
What is the highest common divisor of 715 and 130?
65
Calculate the greatest common factor of 200 and 5240.
40
Calculate the highest common divisor of 1330 and 10.
10
What is the highest common divisor of 336 and 63?
21
Calculate the greatest common divisor of 637 and 2821.
91
What is the greatest common divisor of 70 and 5425?
35
What is the highest common divisor of 248 and 155?
31
Calculate the highest common factor of 17 and 1139.
17
What is the greatest common divisor of 18 and 495?
9
What is the highest common factor of 42 and 112?
14
Calculate the greatest common divisor of 77 and 1133.
11
What is the greatest common factor of 2277 and 99?
99
Calculate the greatest common divisor of 6093 and 9.
9
Calculate the greatest common factor of 259 and 217.
7
Calculate the greatest common factor of 1245 and 30.
15
Calculate the greatest common divisor of 38907 and 27.
27
What is the greatest common divisor of 70 and 574?
14
Calculate the greatest common divisor of 30 and 640.
10
What is the highest common divisor of 2028 and 12?
12
What is the highest common divisor of 387 and 189?
9
What is the greatest common divisor of 160 and 736?
32
What is the highest common divisor of 96 and 12912?
48
Calculate the highest common factor of 1189 and 174.
29
What is the greatest common divisor of 33 and 671?
11
What is the highest common divisor of 18 and 522?
18
What is the greatest common divisor of 2 and 5438?
2
Calculate the greatest common factor of 33 and 9108.
33
Calculate the greatest common factor of 12100 and 660.
220
Calculate the greatest common factor of 21 and 84.
21
What is the greatest common factor of 165 and 891?
33
What is the greatest common divisor of 20 and 45?
5
What is the greatest common divisor of 33834 and 6?
6
Calculate the highest common factor of 30 and 105.
15
What is the highest common divisor of 249 and 6640?
83
Calculate the highest common factor of 252 and 387.
9
Calculate the greatest common divisor of 2 and 2.
2
What is the highest common divisor of 8302 and 14?
14
What is the greatest common divisor of 30 and 170?
10
What is the highest common factor of 68 and 425?
17
Calculate the highest common divisor of 88 and 3278.
22
What is the greatest common factor of 10 and 2710?
10
What is the highest common factor of 33155 and 95?
95
What is the greatest common divisor of 70 and 3675?
35
What is the highest common factor of 252 and 981?
9
What is the highest common divisor of 342 and 2546?
38
What is the highest common divisor of 275 and 880?
55
Calculate the highest common factor of 4061 and 393.
131
Calculate the greatest common factor of 124 and 1674.
62
Calculate the highest common factor of 54 and 198.
18
Calculate the highest common factor of 94 and 2209.
47
What is the highest common factor of 6 and 19554?
6
What is the greatest common divisor of 19936 and 64?
32
Calculate the highest common factor of 90 and 48.
6
Calculate the greatest common divisor of 1343 and 948.
79
Calculate the highest common factor of 1000 and 125.
125
Calculate the highest common factor of 308 and 126.
14
What is the highest common factor of 130 and 1768?
26
Calculate the highest common factor of 18 and 14562.
18
What is the greatest common divisor of 576 and 918?
18
What is the highest common divisor of 72 and 1134?
18
Calculate the highest common divisor of 4788 and 152.
76
What is the highest common divisor of 240 and 15?
15
Calculate the highest common factor of 152 and 9329.
19
What is the highest common factor of 15 and 55?
5
What is the greatest common divisor of 75 and 575?
25
Calculate the greatest common factor of 12 and 1108.
4
Calculate the greatest common divisor of 402 and 66.
6
Calculate the greatest common divisor of 1175 and 47.
47
What is the highest common factor of 85 and 119?
17
What is the greatest common divisor of 2095 and 10?
5
Calculate the highest common divisor of 3495 and 15.
15
Calculate the greatest common divisor of 3904 and 352.
32
Calculate the highest common divisor of 108 and 6696.
108
What is the highest common divisor of 70 and 28?
14
What is the highest common factor of 720 and 640?
80
Calculate the greatest common divisor of 65 and 884.
13
Calculate the greatest common factor of 50286 and 51.
51
Calculate the highest common divisor of 2008 and 2761.
251
What is the highest common factor of 17 and 425?
17
Calculate the greatest common divisor of 58 and 3045.
29
What is the greatest common factor of 955 and 5?
5
What is the highest common divisor of 352 and 330?
22
Calculate the greatest common divisor of 200 and 625.
25
What is the highest common factor of 6 and 5946?
6
What is the highest common divisor of 66 and 363?
33
What is the highest common divisor of 48 and 15276?
12
What is the highest common divisor of 16 and 4268?
4
What is the greatest common factor of 125 and 8875?
125
Calculate the greatest common divisor of 413 and 1.
1
What is the highest common factor of 9 and 15084?
9
What is the highest common factor of 69 and 575?
23
Calculate the greatest common factor of 522 and 1276.
58
Calculate the highe